*s. Calculate the remainder when s is divided by 26.
23
Let x be (2/3)/(10/555). Calculate the remainder when (90/(-12))/(-15) + x/2 is divided by 3.
1
What is the remainder when 88/66 - (-627)/9 is divided by 19?
14
Let f(t) = t**2 - 4*t - 6. Let b be f(9). Let p = b - 20. Suppose 4*m - 123 = 101. Calculate the remainder when m is divided by p.
18
Let w(q) = 2*q**3 - 4*q**2 + 4*q + 3. Let k be w(4). Suppose 4*p = k + 157. Suppose -p = -2*m - 24. What is the remainder when 53 is divided by m?
17
Let s(z) = -6*z**2 + 36*z + 14. Let f = 23 - -88. What is the remainder when f is divided by s(6)?
13
Suppose 0 = 2*u - c - 4 - 2, 5*c = 4*u. Let h be -17*(12/(-3) + u). Let p = h + 28. What is the remainder when 42 is divided by p?
9
Let w(p) = p**2 - p - 17. Let c be w(5). Suppose -c*x = -6*x + 60. What is the remainder when x is divided by 8?
4
Suppose -2*b + 96*l + 11 = 97*l, -5 = -2*b + l. Calculate the remainder when 172 is divided by b.
0
Suppose -23*w = 17*w - 2360. Suppose -2*g - 12 = -4*z, 7*z = 2*z + 5*g + 5. Calculate the remainder when w is divided by z.
4
Suppose 0 = -w - 2 + 8. Suppose 0 = 3*l - 2 - 4. Suppose -25 = -x - 5*p, -101 = -5*x - l*p + p. What is the remainder when x is divided by w?
2
Let q be -2*(-1 + -8)/(-3). Let d(x) = 8*x - 5. Let g(l) = 15*l - 9. Let z(m) = 9*d(m) - 5*g(m). Calculate the remainder when 70 is divided by z(q).
16
Let l(p) = -170*p - 61. Calculate the remainder when l(-1) is divided by 37.
35
Let d = 289 + -156. Let q = -91 + d. Suppose -n - 5*j = -6, 5*n = 3*j + 28 + 30. Calculate the remainder when q is divided by n.
9
Let g be (-268)/(-3)*6/4. Let a = 201 - g. Calculate the remainder when a is divided by 19.
10
Suppose -251 = s - 339. Calculate the remainder when s is divided by 14.
4
Let r be 13/3 + (-12)/(-18). Let n(q) = 1 + r + 0 - 6*q. What is the remainder when n(-12) is divided by 20?
18
Suppose -4*l + 358 = 2*v, -7*v + 8*v - 5*l - 179 = 0. Calculate the remainder when v is divided by 26.
23
Suppose z - u - 22 = 0, -4*z + 9 = -3*u - 74. What is the remainder when z is divided by 9?
8
Suppose 13 = z - 4. Let d = -60 + 64. What is the remainder when z is divided by 3/(4/d) - 12/(-2)?
8
Let w(v) = 5*v + 3. Let b be w(6). Let n = b + -25. Calculate the remainder when 39 is divided by n.
7
Let n(u) = 2*u**2 - 23*u + 99. What is the remainder when 43 is divided by n(6)?
10
Let x = 557 + -354. What is the remainder when x is divided by 4?
3
Let a(y) = -43*y - 5. Suppose -4*g + 17 = 21. What is the remainder when 71 is divided by a(g)?
33
Let a(o) = -o**3 - 4*o**2 + 4*o - 5. Let d be a(-5). What is the remainder when (d + 50)*((3 - 4) + 2) is divided by 18?
14
Let k(i) be the third derivative of i**6/120 + i**5/12 + 13*i**3/6 - 14*i**2. What is the remainder when 115 is divided by k(-4)?
28
Let s(c) = -2*c - 4 + 8*c - 3*c + c. What is the remainder when s(6) is divided by 11?
9
Let n(o) = -6*o - 140. What is the remainder when n(-26) is divided by 6?
4
Let q = -150 + 202. Suppose -b + 7 = -11. What is the remainder when q is divided by b?
16
Let q be (-2)/(-6)*(-3)/(-2)*2. Let c = 22 + q. What is the remainder when c is divided by (-9)/(-2)*(-16)/(-6)?
11
Let f = -59 + 115. Suppose 6*u + f - 254 = 0. What is the remainder when (-376)/12*-3 - -2 is divided by u?
30
Let q be 172*(15/(-12))/(-1). Suppose 0 = -0*b + 5*b - q. Let z(g) = -2*g**2 - 18*g + 12. What is the remainder when b is divided by z(-9)?
7
Suppose 4*b = 2*n - 4, 2*n + 2*b + 0*b = 4. Calculate the remainder when (-3 - (-5 + -4)) + -3 is divided by n.
1
Let u(f) = 10*f + 16. Let d = 45 - 22. What is the remainder when u(5) is divided by d?
20
Suppose -6*z - 4*z = -120. Suppose 5*v - 99 = 2*v. Calculate the remainder when v is divided by z.
9
Suppose -4*l = -97 + 13. Suppose 3*u = -p + 35 + 40, -4*p + 230 = -2*u. Calculate the remainder when p is divided by l.
18
Let l(k) = 6*k**2 - 4*k - 3. Let a = 36 + -26. What is the remainder when l(-2) is divided by a?
9
Suppose -189 = -38*b + 39. Calculate the remainder when 21 is divided by b.
3
Let d(l) be the first derivative of l**2/2 + 7*l + 3. Let w be d(-5). Suppose -w*g + 171 = g. What is the remainder when g is divided by 15?
12
Let x = 10 - 7. Suppose -96 = -3*r + 3*b, 2*r - 39 = -x*b + 20. What is the remainder when 92 is divided by r?
30
Let x = 2158 - 1250. What is the remainder when x is divided by 299?
11
Let v(s) = s**2 - 4*s + 5. Let n be v(5). Let i(a) = a + 5. Let o = 72 - 28. What is the remainder when o is divided by i(n)?
14
Calculate the remainder when 57 is divided by -23*(-2 + 1)*1 + -4.
0
Suppose -o = 2*u - 51, 3*o = -u - 112 + 270. Suppose 0 = 6*j - 163*j + 785. What is the remainder when o is divided by j?
3
Let g(j) = -20 + 4*j - 24*j + 5 + 5. Calculate the remainder when g(-3) is divided by 9.
5
Suppose -108*j + 115*j - 42 = 0. Calculate the remainder when 375 is divided by j.
3
Let b(t) = t**3 + 6*t**2 - 6*t - 4. What is the remainder when b(-6) is divided by 14?
4
Calculate the remainder when 162 is divided by (-3 - -3) + 23 + -4.
10
What is the remainder when 179 is divided by 22380/480 - (-6)/16?
38
Let a = 806 + -562. What is the remainder when a is divided by 41?
39
Suppose 10*d = -29*d + 273. What is the remainder when (-3 - 0)/((-1)/4) is divided by d?
5
Let c = 2 + 2. Suppose 210 = 2*l - 2*j, -3*l + 5*l - c*j = 204. Calculate the remainder when l is divided by 22.
20
Suppose 20*p = 22*p - 42. What is the remainder when 34 is divided by p?
13
Let t(y) = -y + 6. Let k be t(4). Suppose -h = x + k*h - 50, 5*x + 4*h = 206. Suppose 0 = 9*w - 5*w - 40. Calculate the remainder when x is divided by w.
8
Let k = 310 - 167. Let u = 139 + -103. Calculate the remainder when k is divided by u.
35
Let y(j) be the first derivative of j**4/4 - 4*j**2 + j + 20. What is the remainder when 9 is divided by y(3)?
1
Let l = 23 - -338. Calculate the remainder when l is divided by 52.
49
Let q(h) = h**2 + h - 4. Let i = 4 - 7. Suppose 4*n = n + 18. What is the remainder when n is divided by q(i)?
0
Let t(m) = m**3 - 5*m**2 + m + 8. Let p be t(5). Suppose 0 = 10*n - p*n + 21. Calculate the remainder when 103 is divided by n.
5
Suppose 0*b = 2*b - 16. Suppose 5*t = y + 61 - 2, 2*y = 4*t - 46. What is the remainder when t is divided by b?
4
What is the remainder when (0 + 1001/(-22))*-10 is divided by 76?
75
Let o(i) = 4*i**2 - 4*i + 3. Let g = -40 - -21. Let l = 21 + g. Calculate the remainder when 30 is divided by o(l).
8
Let p = -36 - -167. Calculate the remainder when p is divided by 66.
65
Calculate the remainder when 119 is divided by 8976/714*(-14)/(-4).
31
Suppose 5*t - 343 = 4*f, 3*t - 270 + 66 = 3*f. What is the remainder when t is divided by 8?
7
Let l be (-90)/14 + (-27)/(-63). Let t(p) = p**3 + 6*p**2 - 2*p + 2. What is the remainder when (-11533)/(-209) + 4/(-22) is divided by t(l)?
13
Suppose 14*n = 11*n + 60. What is the remainder when n is divided by 6?
2
Let z = 34 + -19. Let b(q) = -q**3 + 8*q**2 + 3*q - 10. Calculate the remainder when 16 - z - 17*-3 is divided by b(8).
10
Suppose -5*i = 8 - 123. Let o = i - 7. Let g(l) = -l**3 - 2*l**2 + l + 3. What is the remainder when g(-4) is divided by o?
15
What is the remainder when 1386/(-252)*268/(-22) is divided by 65?
2
Let v(z) = z**2 + 19*z - 40. Calculate the remainder when 85 is divided by v(-22).
7
Suppose -11*i - y - 14 = -12*i, 56 = 3*i + 4*y. Calculate the remainder when i is divided by 3.
1
Let b = 315 - 275. What is the remainder when 199 is divided by b?
39
Suppose 4*d - 8 = -0. Suppose d*w = -2*w + 612. Suppose 2*b = -b + w. What is the remainder when b is divided by 27?
24
Suppose 2*j = 2*t + 73 + 19, 0 = -j + 2*t + 44. What is the remainder when j is divided by (-3 - -29) + -2 + 1?
23
Suppose r = 0, 2*g + 4 = 2*r - 0. Let l be 4 + (3 + g - 1). Suppose s - 19 = -l*c, c + 0 - 2 = 0. What is the remainder when s is divided by 3?
2
Suppose -u - 96 = -5*i, -14 - 41 = -3*i - 2*u. Let b(v) = v**2 - 9*v. What is the remainder when i is divided by b(10)?
9
Suppose 2*c + 4*o = 78, -20 = c + 5*o - 71. What is the remainder when 60 is divided by c?
29
Let y be -1*(-71)/4 + (-7)/(-28). Calculate the remainder when y/12*(-52)/(-2) is divided by 10.
9
What is the remainder when 150 is divided by 76 + 6/27*(-9)/(-2)?
73
Let q